e -2 - m - (2 + 1). Let y(l) = l**3 + 2*l**2 - 4*l. What is y(u)?
3
Let w(j) = -j - 7. Let b(g) = g**3 - 5*g**2. Let t be b(5). Give w(t).
-7
Suppose -3*z = -6*z - 6. Let u(g) be the third derivative of g**6/60 + g**5/20 + g**4/24 - g**2. Give u(z).
-6
Let v(x) = x**2 - x - 2. Suppose 3*y + 2*k = -19, -5*k - 3 = -3*y - 8. Calculate v(y).
28
Let m(h) be the third derivative of -h**7/2520 + h**6/180 - h**4/6 - 4*h**2. Let r(j) be the second derivative of m(j). Let p = 12 + -8. Determine r(p).
0
Let q(r) = -6*r**3 - r**2 - r - 4. Let j(k) = k**3 - 5*k**2 + 4*k - 4. Let w be j(4). Let g(c) = 5*c**3 + c**2 + c + 3. Let p(d) = w*g(d) - 3*q(d). Give p(-1).
2
Let r be (0 - -1)/1*-1. Let u(d) be the third derivative of d**4/24 + d**3/6 - 7*d**2. Calculate u(r).
0
Let l(p) = 2*p - 5. Let x be l(5). Let v(o) = 0*o**2 + 4*o**2 + 1 - x*o**2 + 4*o. What is v(5)?
-4
Let h = 71 - 70. Let n(k) = -10*k**2 + k. Determine n(h).
-9
Let o(g) = g**2 - 8*g + 3. Let c be o(7). Let y(l) be the third derivative of 1/4*l**4 + 1/30*l**5 + 0*l + 3*l**2 + 0 + 0*l**3. Give y(c).
8
Let k(f) = -13*f - 2. Let j(o) = -6*o - 1. Let t(a) = -9*j(a) + 4*k(a). Give t(-2).
-3
Let w(y) = 0 + 11 - 2 + y - 7. What is w(-3)?
-1
Let v(o) = o. Suppose 0 = 4*z + 12 + 20. Let d be (-5)/(140/z)*7. Calculate v(d).
2
Let i(g) be the first derivative of -g**3/3 + 3*g**2/2 - 4*g + 24. Calculate i(3).
-4
Let y(s) = 5*s**2 + 7*s - 2*s - s**3 - 3 - 2*s**2 - 2*s**2. Calculate y(3).
-6
Suppose 3*i = 6*i. Let x be i/(1*-2*1). Let p(k) = k**2 + 4. Give p(x).
4
Let d be (-9)/4 + 21/(-28). Suppose 32 = 4*a + 8. Let o(n) = a - 1 - 4 + 2*n. Give o(d).
-5
Let a(p) = p**2 - 2*p + 3. Let h be 4/14 + (-89)/(-7). Suppose h = 4*i + 1. Give a(i).
6
Let i(l) = -l**3 - l**2 - l + 16. Let b(w) = -w**3 - 3*w**2 + w + 3. Let f be b(-3). Suppose f*c = -4*c. Determine i(c).
16
Let o(m) = m + 1. Let t(i) = -6*i - 1. Suppose -h + 2 = -u + 3, 0 = 4*u - 8. Let q(f) = h*t(f) + 3*o(f). Suppose 2*p = -2, 5*d = -2*p - 10 - 7. Calculate q(d).
11
Let f(u) = 0 - 1 + 2*u - u. Let c(r) = 2*r - 31. Let t be c(13). Give f(t).
-6
Let w(q) = 0 - 2*q**2 - 4*q + q**3 + 3*q - 2*q - 4. Suppose 2*d = -2*t + 12, 3*d + 4*t = -t + 24. Determine w(d).
-4
Let n(j) = 3*j**3 + 10*j**2 - 2*j - 1. Let x(i) = -i**3 - i**2 - i + 1. Let r(t) = -n(t) - 4*x(t). Suppose -4*d + 16 = -0. Determine r(d).
-11
Let g(y) = -11*y**2 - 1 + 21*y**3 + 19*y**3 - 39*y**3 - 2 + 10*y. Give g(10).
-3
Let w(q) = -8 - 4*q + q + 2*q + 7. Let r = 2 - 2. Suppose r = -g + 3*g - 12. Calculate w(g).
-7
Let q be ((-16)/6)/(2/(-3)). Let a(k) = 3*k + 4. Let w(u) = 2*u + 4. Let b(z) = -4*a(z) + 5*w(z). Calculate b(q).
-4
Suppose -45 = 8*y - 3*y. Let g(b) = b + 6. What is g(y)?
-3
Suppose 2*z - 14 = b + b, -5*z + 2*b = -23. Suppose 4*k = 3*f + 12, 3*k - 9 = -z*f - 0*k. Let n(w) = 3*w**2 - 6*w**2 + 6 + 2*w**2. Determine n(f).
6
Let t(u) be the second derivative of u**3/3 - 5*u**2 + 10*u. Determine t(7).
4
Suppose m = -5*f - 17, 5*f + 2*m + 6 = 2*f. Let i(s) = -s + 5. Calculate i(f).
9
Let f(a) = 414 - 2*a + 0*a**2 - 411 + a**2. Suppose 4*m = 2*v + 3*v + 12, m - 5*v = 3. What is f(m)?
6
Let s(k) = -5*k - 1. Suppose 0 = -2*y + 1 - 3. Let w be s(y). Let g(j) = w*j + 2 + 4*j - 3*j. Determine g(-2).
-8
Suppose 7*v + 5 = -16. Let t(u) = -u**3 - 3*u**2 + u + 4. Calculate t(v).
1
Let k = 15 - 13. Let z(l) be the third derivative of -1/8*l**4 + 0 + l**2 + 0*l + 1/6*l**3. Determine z(k).
-5
Let s(x) = -3*x + 4. Let w(h) = -7*h + 9. Let y(n) = 9*s(n) - 4*w(n). Let q(j) = -j**3 + 5*j**2 + 6*j + 6. Let r be q(6). Determine y(r).
6
Let t be 3/2*8/4. Let i(n) = t*n - n**2 - 23*n**3 - 3 + 22*n**3 - 5*n**2 + 2*n**2. Give i(-5).
7
Let s(t) = 4*t - 5*t**2 + 4*t**2 + 7 + 0*t. Give s(6).
-5
Let v = 11 - 8. Let l(u) = -3 - v + 7 + u. Let f(t) = -t**2 + 7*t - 3. Let p be f(6). What is l(p)?
4
Let m(f) be the second derivative of f**5/20 + 5*f**4/12 + f**3/6 + 7*f**2/2 + f. Let n = -12 - -7. Calculate m(n).
2
Let v(y) be the third derivative of 1/24*y**4 - 2*y**2 + 1/12*y**5 + 0*y + 0 - 1/120*y**6 - 5/6*y**3. Determine v(5).
0
Suppose -h = -1 + 5. Let n = h + 9. Suppose -n*t - 2 = -27. Let l(r) = r**3 - 6*r**2 + 4*r + 2. Determine l(t).
-3
Let o(l) = -l**2 - 6*l + 1. Suppose 0 = 5*t - 8 + 33. What is o(t)?
6
Let z(x) = -x**3 + x**2 - 2*x. Let d(g) = g**2 + 4*g - 3. Let f be d(-5). What is z(f)?
-8
Let l = 3 + -1. Let z(t) = -l + 3*t - 4*t + 0 + 0*t. Let m(v) = 2*v**2 - v - 1. Let w be m(-1). Calculate z(w).
-4
Let v be 1 + 2/(-8)*-4. Let k(z) = 3 - 2*z - 2*z**2 + 9*z**3 + z**3 - 9*z**3. What is k(v)?
-1
Let k = -2 - -11. Let t(u) = u - 9. Let p be t(k). Let y(s) = 0 + s - 5 + 1 + 0. What is y(p)?
-4
Let r(d) = -d**3 + 6*d**2 - 3. Let l(u) = u**3 + u. Let t(a) = -2*l(a) - r(a). Let b(f) = -f**3 - 6*f**2 + 9*f + 8. Let h be b(-7). Determine t(h).
15
Suppose -2*g - p - p + 2 = 0, 5*g = -p + 17. Let m(f) = -3*f + 1. Give m(g).
-11
Let j = 35 + -31. Let i(w) = -2*w + 4. Give i(j).
-4
Let u(c) = -c**3 + c**2 - c + 15. Let b(v) = -v**3 + 3*v**2 + v - 3. Let o be b(3). Determine u(o).
15
Let k(q) = -8 - 2*q + 11*q**2 - 13*q**2 - q**3 + 8*q**2. Determine k(6).
-20
Suppose -3*i - 2*i = 0. Let w(a) be the third derivative of i*a - 2*a**2 + 0 + 1/60*a**5 - 1/8*a**4 - 2/3*a**3. Give w(4).
0
Suppose 0 = t + 3*t + 8. Let q(b) = -b**3 + 3*b + 1. Let v be q(t). Let p(x) = x**3 - 2*x**2 + x - 3. What is p(v)?
9
Let h = -13 - -10. Let r(a) = -3*a**2 - 4*a - 1. Calculate r(h).
-16
Let b be (-38)/(-9) + (-2)/9. Let m(w) be the third derivative of w**5/60 - 5*w**4/24 - w**3/6 + 14*w**2. Determine m(b).
-5
Let z(l) be the first derivative of 2*l - 6*l + 3 + l + l**2. Let u(s) = s - 2. Let t(i) = -5*u(i) + 3*z(i). Give t(-4).
-3
Let l(y) = -2*y - 16. Let v be l(-11). Let g(m) = -m**3 + 7*m**2 - 7*m - 2. Calculate g(v).
-8
Let d(h) = -h - 1. Let o = 7 + -5. Suppose -2*p + 3*q - 6 = p, -o*q - 8 = p. Calculate d(p).
3
Suppose -20 = -5*b, 5*g - 24 = 4*g - 5*b. Let c(s) = -s**2 + 7*s + 1. Give c(g).
13
Let x = 2 - 0. Suppose -19 - 1 = 5*i + t, -19 = 3*i + x*t. Let c(o) = -o**2. Let y(d) = -4*d**2 + 2*d + 2. Let k(f) = 5*c(f) - y(f). Calculate k(i).
-5
Let x(s) = 18*s + 3. Let n = -1 - -4. Let p(r) = -37*r - 6. Let q(l) = n*p(l) + 5*x(l). Let a(k) = -14*k - 2. Let z(h) = -8*a(h) + 5*q(h). What is z(-1)?
-6
Let x(p) = -p**2 + 6*p + 3. Let m be (-1 - 0) + (-2)/(-2). Suppose 2*i - 17 = 5*z, m*i - 3*z + 3 = i. Calculate x(i).
3
Let a(c) = 26*c - 42*c - c**2 + 7 + 22*c. Determine a(6).
7
Let t(h) be the first derivative of h**4/4 + 2*h**3 + 5*h**2/2 + 7*h - 7. Give t(-5).
7
Let y = 2 - -2. Let r = y + -3. Let u(c) = -4*c**2 + c. Give u(r).
-3
Let q(t) = -5*t**2 - 13*t - 1. Let x(d) = 14*d**2 + 38*d + 4. Let y(p) = -11*q(p) - 4*x(p). Suppose 0*s = -3*s + 4*o - 2, 2*s = 4*o + 4. Calculate y(s).
13
Suppose i + 0*i = 0. Let u(a) = 3*a - 3. Let b(f) = -13*f + 11. Let p(s) = -2*b(s) - 9*u(s). Calculate p(i).
5
Suppose 0 = -5*r + 6*r - 6. Let d(h) be the second derivative of -h**4/24 + 2*h**3/3 + h**2 + 3*h. Let s(b) be the first derivative of d(b). What is s(r)?
-2
Let h(l) = 7*l**3 + 2*l + 1. Let k be 7 + -3 - -2 - -3. Let p = k + -10. Give h(p).
-8
Let h(y) be the second derivative of y**3/2 + 3*y**2/2 + 2*y. Determine h(-3).
-6
Suppose -4*i + 48 = 4*u, -u + 35 = 3*i + 9. Let r(w) = -w + 10. Let o be r(i). Let g(p) = -o*p - p + p - 3 + p**2. What is g(3)?
-3
Let s(z) be the third derivative of z**6/120 - z**5/12 - z**4/24 + z**3 + 2*z**2. Calculate s(5).
1
Let p(x) be the third derivative of 0 - 4*x**2 + 0*x + 1/24*x**4 - 1/3*x**3. Suppose -5*s + 2 = 27. Determine p(s).
-7
Suppose 0 = -3*c - 9 - 0. Let q(w) = -2*w + 3. Calculate q(c).
9
Let r(k) = -7 - 2*k**3 + 3*k**2 + 5 + 5*k + k**3. Suppose -4*j = -10 - 6. Determine r(j).
2
Let y(a) = 6*a**3 + 11*a**2 - 14*a - 15. Let o(x) = x**3 + x**2 - x - 1. Let r(f) = 5*o(f) - y(f). Give r(-7).
-4
Let w(x) = -6*x**2 + 9*x + 2. Let b(m) = 5*m**2 - 8*m - 2. Let j(a) = 5*b(a) + 4*w(a). Determine j(6).
10
Let o = 0 - -1. Let g(f) = -2*f**3 - 6*f**3 - 2*f + f. Determine g(o).
-9
Let x(v) be the third derivative of v**6/120 + v**5/10 + 5*v**4/24 - v**3/3 - 5*v**2. Calculate x(-5).
-2
Let m be 3*4/(8/6). Suppose 3*i = 3*h + 24, m = -5*h - 3*i - 15. Let s(z) = -2*z - 9. Determine s(h).
3
Let o(b) = b**2 + 6*b +